d by 782.
549
What is the remainder when 111499 is divided by 250?
249
What is the remainder when 13283 is divided by 1042?
779
What is the remainder when 1840 is divided by 422?
152
What is the remainder when 72174 is divided by 37?
24
Calculate the remainder when 43379 is divided by 36.
35
Calculate the remainder when 1760 is divided by 28.
24
What is the remainder when 17768 is divided by 5765?
473
What is the remainder when 10355 is divided by 657?
500
What is the remainder when 66173 is divided by 6617?
3
Calculate the remainder when 1695432 is divided by 18.
12
What is the remainder when 110676 is divided by 434?
6
What is the remainder when 354696 is divided by 67?
65
Calculate the remainder when 67811 is divided by 33797.
217
Calculate the remainder when 4824 is divided by 4812.
12
Calculate the remainder when 4265 is divided by 24.
17
What is the remainder when 2376 is divided by 54?
0
What is the remainder when 760668 is divided by 2161?
2157
Calculate the remainder when 16594 is divided by 43.
39
What is the remainder when 1157631 is divided by 476?
475
Calculate the remainder when 29226 is divided by 7172.
538
Calculate the remainder when 8886 is divided by 7687.
1199
What is the remainder when 70096 is divided by 9999?
103
Calculate the remainder when 200201 is divided by 24.
17
Calculate the remainder when 1551361 is divided by 517117.
10
Calculate the remainder when 2980 is divided by 745.
0
Calculate the remainder when 36236 is divided by 3997.
263
Calculate the remainder when 8230 is divided by 32.
6
What is the remainder when 13194 is divided by 940?
34
What is the remainder when 7446 is divided by 439?
422
What is the remainder when 195113 is divided by 31?
30
Calculate the remainder when 70309 is divided by 70285.
24
Calculate the remainder when 314412 is divided by 31439.
22
What is the remainder when 78067 is divided by 22?
11
Calculate the remainder when 48631 is divided by 72.
31
What is the remainder when 71213 is divided by 83?
82
Calculate the remainder when 789 is divided by 515.
274
Calculate the remainder when 2911 is divided by 1655.
1256
Calculate the remainder when 2293 is divided by 34.
15
Calculate the remainder when 2442 is divided by 130.
102
Calculate the remainder when 54141 is divided by 846.
843
What is the remainder when 1592 is divided by 476?
164
What is the remainder when 351839 is divided by 60?
59
Calculate the remainder when 562238 is divided by 2716.
26
What is the remainder when 24236 is divided by 197?
5
What is the remainder when 1552 is divided by 538?
476
Calculate the remainder when 61519 is divided by 20504.
7
Calculate the remainder when 2032 is divided by 67.
22
What is the remainder when 3068411 is divided by 59?
57
Calculate the remainder when 7191490 is divided by 109.
106
What is the remainder when 3484 is divided by 121?
96
What is the remainder when 7134 is divided by 910?
764
Calculate the remainder when 10433 is divided by 948.
5
What is the remainder when 55578 is divided by 144?
138
Calculate the remainder when 3701 is divided by 105.
26
Calculate the remainder when 1491 is divided by 203.
70
Calculate the remainder when 46433 is divided by 15477.
2
What is the remainder when 13899 is divided by 3474?
3
Calculate the remainder when 56193 is divided by 82.
23
What is the remainder when 114639 is divided by 33?
30
Calculate the remainder when 39775 is divided by 6628.
7
What is the remainder when 14850 is divided by 75?
0
What is the remainder when 962043 is divided by 320677?
12
What is the remainder when 1523 is divided by 453?
164
What is the remainder when 1891 is divided by 574?
169
What is the remainder when 3106 is divided by 1535?
36
Calculate the remainder when 29942 is divided by 2135.
52
What is the remainder when 23710 is divided by 316?
10
Calculate the remainder when 32469 is divided by 328.
325
What is the remainder when 5356 is divided by 411?
13
What is the remainder when 2773 is divided by 144?
37
What is the remainder when 568 is divided by 22?
18
Calculate the remainder when 3703 is divided by 321.
172
Calculate the remainder when 38802 is divided by 154.
148
What is the remainder when 42766 is divided by 295?
286
Calculate the remainder when 909 is divided by 160.
109
Calculate the remainder when 37146 is divided by 1202.
1086
What is the remainder when 198983 is divided by 39796?
3
What is the remainder when 71882 is divided by 71879?
3
What is the remainder when 4827 is divided by 434?
53
What is the remainder when 25306 is divided by 61?
52
Calculate the remainder when 595410 is divided by 91.
88
Calculate the remainder when 8270 is divided by 399.
290
Calculate the remainder when 97698 is divided by 24423.
6
What is the remainder when 13356 is divided by 781?
79
What is the remainder when 24630 is divided by 391?
388
Calculate the remainder when 16633 is divided by 4148.
41
Calculate the remainder when 11310110 is divided by 1539.
1538
Calculate the remainder when 100921 is divided by 27.
22
What is the remainder when 12281 is divided by 252?
185
Calculate the remainder when 95283 is divided by 407.
45
What is the remainder when 24620 is divided by 76?
72
Calculate the remainder when 149641 is divided by 398.
391
Calculate the remainder when 1911 is divided by 1798.
113
What is the remainder when 410550 is divided by 26?
10
What is the remainder when 133616 is divided by 464?
448
What is the remainder when 2089 is divided by 5?
4
Calculate the remainder when 63610 is divided by 439.
394
What is the remainder when 31100 is divided by 621?
50
Calculate the remainder when 588123 is divided by 462.
459
What is the remainder when 20097 is divided by 2615?
1792
Calculate the remainder when 815710 is divided by 96.
94
What is the remainder when 34396 is divided by 4910?
26
Calculate the remainder when 6053 is divided by 1201.
48
What is the remainder when 3916300 is divided by 56?
52
Calculate the remainder when 2901 is divided by 287.
31
Calculate the remainder when 6693 is divided by 48.
21
What is the remainder when 132101 is divided by 63?
53
Calculate the remainder when 89234 is divided by 80.
34
Calculate the remainder when 14154 is divided by 257.
19
What is the remainder when 1941 is divided by 257?
142
What is the remainder when 2134 is divided by 1584?
550
What is the remainder when 91754 is divided by 651?
614
Calculate the remainder when 5466 is divided by 304.
298
Calculate the remainder when 3135 is divided by 163.
38
Calculate the remainder when 19757 is divided by 9839.
79
What is the remainder when 5441984 is divided by 45?
44
Calculate the remainder when 12824 is divided by 492.
32
What is the remainder when 309405 is divided by 277?
273
Calculate the remainder when 20093 is divided by 197.
196
What is the remainder when 85049 is divided by 189?
188
What is the remainder when 9394 is divided by 376?
370
Calculate the remainder when 96479 is divided by 49.
47
Calculate the remainder when 17489 is divided by 143.
43
Calculate the remainder when 5027 is divided by 279.
5
Calculate the remainder when 30954 is divided by 21.
0
Calculate the remainder when 29145 is divided by 5820.
45
Calculate the remainder when 3956 is divided by 439.
5
Calculate the remainder when 36806 is divided by 7358.
16
Calculate the remainder when 1787 is divided by 1782.
5
What is the remainder when 311162 is divided by 159?
158
Calculate the remainder when 20038 is divided by 6672.
22
What is the remainder when 15552 is divided by 5077?
321
Calculate the remainder when 23311 is divided by 114.
55
Calculate the remainder when 543477 is divided by 135867.
9
What is the remainder when 37770 is divided by 248?
74
What is the remainder when 19476 is divided by 9349?
778
What is the remainder when 95973 is divided by 1263?
1248
What is the remainder when 14669 is divided by 131?
128
What is the remainder when 17016 is divided by 193?
32
What is the remainder when 141577 is divided by 40?
17
What is the remainder when 1734 is divided by 1672?
62
What is the remainder when 18537 is divided by 26?
25
What is the remainder when 120188 is divided by 12016?
28
What is the remainder when 4013 is divided by 450?
413
What is the remainder when 1607 is divided by 176?
23
Calculate 